NOAA Reports/Αναφορές NOAA

Select a Year or Month report
2018 > Jan Feb Mar Apr May Jun Jul Aug Sep Oct Nov Dec
2017 > Jan Feb Mar Apr May Jun Jul Aug Sep Oct Nov Dec
2016 > Jan Feb Mar Apr May Jun Jul Aug Sep Oct Nov Dec

Report for 2018 01
                   MONTHLY CLIMATOLOGICAL SUMMARY for JAN. 2018

NAME: Embaros   CITY: Embaros   STATE: Greece 
ELEV:   430 m  LAT:  35 03' 00" N  LONG:  25 25' 00" E

                   TEMPERATURE (C), RAIN  (mm), WIND SPEED (km/hr)

                                      HEAT  COOL        AVG
    MEAN                              DEG   DEG         WIND                 DOM
DAY TEMP  HIGH   TIME   LOW    TIME   DAYS  DAYS  RAIN  SPEED HIGH   TIME    DIR
------------------------------------------------------------------------------------
 1   9.3  17.6   14:40   1.7   00:00   9.0   0.0   0.0   2.9  27.4    0:20    NE
 2  11.4  15.2   13:20   2.0    0:10   6.9   0.0   0.0   2.4  22.5   13:20   WNW
 3   9.8  11.9   12:20   7.6    8:10   8.4   0.0   3.4   2.6  29.0   19:20    NW
 4   8.9  14.7   15:50   3.8    3:00   9.3   0.0  13.4   6.4  62.8   19:50   ENE
 5   9.7  14.7   15:40   4.2   22:50   8.6   0.0   6.2  12.9  61.2    0:50   ENE
 6   8.0  18.7   13:40  -0.1    6:10  10.3   0.0   0.0   1.0  12.9   13:50   ENE
 7  10.1  17.3   13:50   2.8    3:10   8.2   0.0   0.0   1.4  16.1   12:00    NW
 8   9.2  17.3   14:00   2.4    6:30   9.1   0.0   0.2   1.1  14.5   14:00   WNW
 9   7.7  17.8   14:30   0.5    8:00  10.6   0.0   0.2   1.0  16.1   15:00     W
10  10.6  16.1   13:50   4.2    6:40   7.7   0.0   0.2   7.9  57.9   17:30    SW
11  11.7  15.9   11:20   7.6    8:10   6.6   0.0   2.4   1.9  19.3    0:10   WNW
12  11.6  17.4   13:50   7.7    8:20   6.7   0.0   0.2   1.9  30.6   23:40    SW
13  10.4  13.3    6:10   5.6   23:50   7.8   0.0   4.0   5.6  41.8    6:50    SW
14   8.6  10.4   12:00   5.1    7:00   9.8   0.0  10.6   5.3  41.8   14:20    NE
15   8.8  13.2   14:30   2.3   00:00   9.5   0.0   0.0   4.3  27.4    8:20     E
16   9.1  14.8   14:00   2.5    0:10   9.2   0.0   0.2   1.9  25.7   13:40     E
17   9.9  13.1   13:30   4.8    0:10   8.4   0.0   0.0   2.6  29.0   13:00    NW
18   9.9  12.7    1:30   6.0   14:30   8.4   0.0   1.2  13.0  64.4   22:10    NE
19   8.9  15.6   15:30   1.4   21:50   9.3   0.0   0.0   7.2  53.1    1:20   ENE
20  11.0  14.9   11:40   5.5    3:10   7.3   0.0   0.0   4.3  33.8   22:00   WNW
21  12.2  14.6   13:40   7.9   00:00   6.1   0.0   2.2  10.1  53.1   10:00    SW
22   9.4  10.9    9:50   6.3    1:00   3.6   0.0   0.6   1.1  16.1    2:10   WNW
23
24
25
26
27
28
29
30
31
-------------------------------------------------------------------------------------
     9.8  18.7     6    -0.1     6   181.0   0.0  45.0   4.5  64.4    18     ENE

Max >=  32.0:  0
Max <=   0.0:  0
Min <=   0.0:  1
Min <= -18.0:  0
Max Rain: 13.41 ON 04/01/18
Days of Rain: 14 (> .2 mm) 7 (> 2 mm) 0 (> 20 mm)
Heat Base:  18.3  Cool Base:  18.3  Method: Integration