NOAA Reports/Αναφορές NOAA

Select a Year or Month report
2017 > Jan Feb Mar Apr May Jun Jul Aug Sep Oct Nov Dec
2016 > Jan Feb Mar Apr May Jun Jul Aug Sep Oct Nov Dec

Report for 2017 09
                   MONTHLY CLIMATOLOGICAL SUMMARY for SEP. 2017

NAME: Embaros   CITY: Embaros   STATE: Greece 
ELEV:   430 m  LAT:  35 03' 00" N  LONG:  25 25' 00" E

                   TEMPERATURE (C), RAIN  (mm), WIND SPEED (km/hr)

                                      HEAT  COOL        AVG
    MEAN                              DEG   DEG         WIND                 DOM
DAY TEMP  HIGH   TIME   LOW    TIME   DAYS  DAYS  RAIN  SPEED HIGH   TIME    DIR
------------------------------------------------------------------------------------
 1  20.4  29.0   17:10  11.6   00:00   1.7   3.8   0.0   4.7  45.1   11:40   NNE
 2  21.8  30.9   15:40  10.6    2:00   1.9   5.3   0.0   5.1  32.2   14:10   NNE
 3  25.2  33.9   16:10  14.2    2:30   0.7   7.7   0.0   3.9  29.0   13:50    NE
 4  24.5  32.5   15:20  15.1   00:00   0.2   6.4   0.0   3.1  24.1   13:30    NW
 5  20.4  30.6   14:50   8.7    6:00   2.6   4.8   0.0   2.7  24.1   14:30    NW
 6  21.3  24.7   10:40  15.6    3:40   0.2   3.1   0.0   8.0  35.4   12:50   NNE
 7  21.1  27.9   14:10  11.9   00:00   0.8   3.6   0.0   4.8  29.0   14:40   NNW
 8  19.7  29.6   15:20   8.4    7:10   2.9   4.3   0.0   3.1  25.7   14:20   NNE
 9  22.0  31.6   15:00  13.0    3:30   1.3   5.0   0.0   2.1  20.9   15:20   WNW
10  24.8  34.5   15:50  15.7    7:30   0.5   7.0   0.0   2.1  22.5   16:00    NW
11  26.5  35.1   12:50  17.1    6:40   0.0   8.2   0.0   2.3  25.7   13:00     W
12  24.6  31.7   13:30  17.7   23:10   0.0   6.2   0.0   3.4  27.4   15:40   WNW
13  21.1  29.9   15:30  12.4    4:50   1.5   4.3   0.2   4.7  37.0   17:40   NNW
14  23.9  29.1   15:00  14.5    0:20   0.3   5.9   0.0   6.4  38.6   13:00    NE
15  24.1  30.2   14:50  14.7   00:00   0.2   5.9   0.0   5.5  30.6   12:20   NNE
16  20.8  30.8   15:30   9.8    6:50   2.3   4.8   0.0   3.4  25.7   13:30   NNW
17  20.1  31.7   14:30   8.8    7:30   3.1   4.9   0.0   3.4  30.6   16:00    NW
18  24.4  36.9   14:50  12.9    2:30   1.3   7.5   0.0   3.7  33.8   13:20   NNE
19  27.0  37.4   15:00  17.9   23:50   0.0   8.7   0.0   3.4  27.4   12:30   WNW
20  25.7  35.2   10:30  15.2    5:40   0.3   7.7   0.0   2.6  29.0   13:20    NW
21  21.2  26.7   14:40  15.4    7:50   0.4   2.3   0.0   4.8  33.8   12:20    NE
22
23
24
25
26
27
28
29
30
-------------------------------------------------------------------------------------
    22.9  37.4    19     8.4     8    22.3 117.6   0.2   4.0  45.1     1      NE

Max >=  32.0:  7
Max <=   0.0:  0
Min <=   0.0:  0
Min <= -18.0:  0
Max Rain: 0.20 ON 13/09/17
Days of Rain: 1 (> .2 mm) 0 (> 2 mm) 0 (> 20 mm)
Heat Base:  18.3  Cool Base:  18.3  Method: Integration