NOAA Reports/Αναφορές NOAA

Select a Year or Month report

Report for 2017 11
                   MONTHLY CLIMATOLOGICAL SUMMARY for NOV. 2017

NAME: Embaros   CITY: Embaros   STATE: Greece 
ELEV:   430 m  LAT:  35 03' 00" N  LONG:  25 25' 00" E

                   TEMPERATURE (C), RAIN  (mm), WIND SPEED (km/hr)

                                      HEAT  COOL        AVG
    MEAN                              DEG   DEG         WIND                 DOM
DAY TEMP  HIGH   TIME   LOW    TIME   DAYS  DAYS  RAIN  SPEED HIGH   TIME    DIR
------------------------------------------------------------------------------------
 1  13.7  18.1   14:00  10.7    6:20   4.6   0.0   0.0   8.2  40.2   14:40    SE
 2  11.4  16.8   13:20   3.4   00:00   6.8   0.0   0.0   4.0  29.0   11:00    NE
 3  11.4  19.1   14:10   3.4    4:40   6.9   0.0   0.0   1.6  17.7   10:20   ENE
 4  13.2  17.7   12:30   7.4    4:00   5.1   0.0   4.0   2.4  33.8   22:10   ENE
 5  13.8  16.1   10:30   9.9   23:00   4.5   0.0   0.0   7.7  40.2   14:00    NE
 6  10.6  19.2   12:20   3.4    4:30   7.7   0.0   0.0   2.6  27.4   12:40   NNE
 7  12.2  20.4   15:10   4.6    4:00   6.4   0.3   0.0   1.4  22.5   13:30    SW
 8  13.1  23.7   14:20   5.6    7:00   6.2   1.1   0.2   1.3  20.9   12:40    NW
 9  12.7  20.7   13:50   5.5    6:40   5.9   0.3   0.0   1.4  20.9   12:40    SW
10  12.7  20.1   14:40   6.4   21:30   5.8   0.2   0.0   2.6  25.7   13:10   ENE
11  11.7  19.9   11:50   3.9    5:40   6.9   0.3   0.0   1.8  22.5   12:30    NW
12  14.3  19.9   14:00   6.6    1:00   4.1   0.1   0.2   8.7  45.1   22:50    SW
13  15.1  17.8    8:50   8.9   22:10   3.3   0.0   3.2  10.3  64.4    1:40    SW
14  15.2  20.6   13:20   9.0    2:10   3.3   0.3   0.2   3.5  25.7   19:00    SW
15  17.7  20.9   13:10  15.2   22:20   0.9   0.3   0.0   5.5  32.2   12:00    SW
16  16.8  21.9   12:20  10.5    7:10   2.1   0.6   0.0   5.0  35.4   23:20    SW
17  17.5  19.3   13:40  10.2   19:00   0.8   0.1   2.4   6.9  41.8    6:30    SW
18
19
20
21
22
23
24
25
26
27
28
29
30
-------------------------------------------------------------------------------------
    13.7  23.7     8     3.4     2    81.5   3.5  10.2   4.4  64.4    13      SW

Max >=  32.0:  0
Max <=   0.0:  0
Min <=   0.0:  0
Min <= -18.0:  0
Max Rain: 3.99 ON 04/11/17
Days of Rain: 6 (> .2 mm) 3 (> 2 mm) 0 (> 20 mm)
Heat Base:  18.3  Cool Base:  18.3  Method: Integration