NOAA Reports/Αναφορές NOAA

Select a Year or Month report
2018 > Jan Feb Mar Apr May Jun Jul Aug Sep Oct Nov Dec
2017 > Jan Feb Mar Apr May Jun Jul Aug Sep Oct Nov Dec
2016 > Jan Feb Mar Apr May Jun Jul Aug Sep Oct Nov Dec

Report for 2018 05
                   MONTHLY CLIMATOLOGICAL SUMMARY for MAY. 2018

NAME: Embaros   CITY: Embaros   STATE: Greece 
ELEV:   430 m  LAT:  35 03' 00" N  LONG:  25 25' 00" E

                   TEMPERATURE (C), RAIN  (mm), WIND SPEED (km/hr)

                                      HEAT  COOL        AVG
    MEAN                              DEG   DEG         WIND                 DOM
DAY TEMP  HIGH   TIME   LOW    TIME   DAYS  DAYS  RAIN  SPEED HIGH   TIME    DIR
------------------------------------------------------------------------------------
 1  18.9  28.4   16:30   8.4    7:00   3.0   3.5   0.0   2.4  29.0   14:00   WNW
 2  20.3  28.7   14:10  10.0    6:40   2.2   4.2   0.0   2.9  25.7   15:10    SW
 3  23.9  29.9   13:00  13.7    0:40   0.5   6.1   0.0  10.8  45.1   11:50    SW
 4  17.8  24.6   15:30  10.6    6:50   2.4   1.9   0.0   3.4  27.4   14:10    NW
 5  18.0  26.1   14:40   9.2    6:10   2.9   2.6   0.0   4.0  30.6    9:20   NNW
 6  17.2  24.1   12:30   8.0    6:30   2.8   1.6   0.0   2.9  27.4   16:30    NW
 7  15.1  17.7   15:30  12.7    1:50   3.3   0.0  20.0   3.7  33.8   20:00    NE
 8  17.1  22.6   15:30  12.6   00:00   2.0   0.8   5.2   6.1  32.2   14:50   NNE
 9  18.2  25.6   15:40   9.4    4:30   2.5   2.5   0.0   2.6  20.9   12:30     E
10  19.2  26.2   14:10  12.4    6:50   1.5   2.4   0.0   2.6  22.5   15:00   WNW
11  17.0  21.7   12:50  10.2    5:20   2.3   1.0   0.0   7.2  32.2   14:50    NE
12  17.3  19.8   12:50  14.8   23:40   1.1   0.1   0.0   9.7  41.8   18:00    NE
13  18.4  23.6   14:20  14.2    5:40   1.3   1.4   0.0   6.1  37.0   14:50    NE
14  19.2  26.6   15:50  10.1    6:30   2.3   3.2   0.0   3.1  24.1   15:50   ENE
15  20.9  29.7   14:50  10.8    5:50   2.0   4.6   0.0   2.9  25.7   14:00   NNW
16  22.2  30.9   13:50  13.6    1:50   1.4   5.4   0.0   2.7  25.7   14:30   WNW
17  23.2  32.1   15:30  13.5    4:40   1.1   6.0   0.0   2.7  27.4   16:10   WNW
18  22.7  32.1   13:00  12.6    6:00   1.2   5.6   0.0   2.3  25.7   15:50   WNW
19  25.6  31.3   13:30  18.7    2:50   0.0   7.3   0.0   3.1  29.0   12:40    SW
20  23.3  31.0   17:50  16.0    3:50   0.2   5.2   0.0   2.3  24.1   14:40   NNE
21  23.0  30.3   15:00  13.9    4:20   1.0   5.7   0.0   6.9  54.7   10:30    SW
22  21.3  26.4   16:30  14.6    5:50   0.6   3.3   0.0   2.1  27.4   15:20   NNW
23
24
25
26
27
28
29
30
31
-------------------------------------------------------------------------------------
    20.0  32.1    17     8.0     6    37.4  74.4  25.2   4.2  54.7    21      NE

Max >=  32.0:  2
Max <=   0.0:  0
Min <=   0.0:  0
Min <= -18.0:  0
Max Rain: 19.99 ON 07/05/18
Days of Rain: 2 (> .2 mm) 2 (> 2 mm) 0 (> 20 mm)
Heat Base:  18.3  Cool Base:  18.3  Method: Integration